{"id":725,"date":"2020-10-30T11:51:14","date_gmt":"2020-10-30T10:51:14","guid":{"rendered":"https:\/\/monsieursaucisson.com\/nl\/product\/camembert-worst\/"},"modified":"2026-04-25T10:25:47","modified_gmt":"2026-04-25T08:25:47","slug":"franzoesische-camembert-salami","status":"publish","type":"product","link":"https:\/\/monsieursaucisson.com\/de\/franzoesische-camembert-salami\/","title":{"rendered":"Franz\u00f6sische Camembert Salami"},"content":{"rendered":"<div class=\"woocommerce-tabs wc-tabs-wrapper\">\n<div id=\"tab-description\" class=\"woocommerce-Tabs-panel woocommerce-Tabs-panel--description panel entry-content wc-tab\" role=\"tabpanel\" aria-labelledby=\"tab-title-description\">\n<div class=\"woocommerce-tabs wc-tabs-wrapper\">\n<div id=\"tab-description\" class=\"woocommerce-Tabs-panel woocommerce-Tabs-panel--description panel entry-content wc-tab\" role=\"tabpanel\" aria-labelledby=\"tab-title-description\">\n<article class=\"module-info has-anchor\">\n<h2>Saucisson Camembert &#8211; Franz\u00f6sische Camembert Salami<\/h2>\n<p>Diese Saucisson ist eine franz\u00f6sische Salami mit Camembert &#8211; ein franz\u00f6sischer K\u00e4se aus Kuhmilch, aus der Normandie. Diese luftgetrocknete Camembert Salami hat eine cremige Textur. Der Geschmack des Camemberts setzt sich etwas sp\u00e4ter durch und h\u00e4lt noch eine ganze Weile an, nachdem die Wurst bereits aufgegessen wurde &#8211; einfach nur lecker. Die Camembert Salami passt hervorragend zu Wei\u00df- und Rotwein, aber auch zu rotem Portwein.<\/p>\n<p>Diese Wurst ist an dem wei\u00df-grauen Faden zu erkennen.<\/p>\n<\/article>\n<\/div>\n<\/div>\n<\/div>\n<\/div>\n","protected":false},"excerpt":{"rendered":"<p>Diese Saucisson ist eine franz\u00f6sische Salami mit Camembert &#8211; ein franz\u00f6sischer K\u00e4se aus Kuhmilch, aus der Normandie. Diese luftgetrocknete Camembert Salami hat eine cremige Textur. Der Geschmack des Camemberts setzt sich etwas sp\u00e4ter durch und h\u00e4lt noch eine ganze Weile an, nachdem die Wurst bereits aufgegessen wurde &#8211; einfach nur lecker. Diese Salami passt hervorragend zu Wei\u00df- und Rotwein, aber auch zu rotem Portwein.<\/p>\n<p>Diese Wurst ist an dem wei\u00df-grauen Faden zu erkennen.<\/p>\n","protected":false},"featured_media":1105,"template":"","meta":{"_acf_changed":false,"iawp_total_views":226,"editor_notices":[]},"product_brand":[],"product_cat":[15,82,81,85],"product_tag":[],"class_list":{"0":"post-725","1":"product","2":"type-product","3":"status-publish","4":"has-post-thumbnail","6":"product_cat-alle-produkte","7":"product_cat-franzoesische-salami","8":"product_cat-luftgetrocknete-salami","9":"product_cat-saucisson-sec-franzosische-salami","11":"first","12":"instock","13":"taxable","14":"shipping-taxable","15":"purchasable","16":"product-type-simple"},"acf":[],"_links":{"self":[{"href":"https:\/\/monsieursaucisson.com\/de\/wp-json\/wp\/v2\/product\/725","targetHints":{"allow":["GET"]}}],"collection":[{"href":"https:\/\/monsieursaucisson.com\/de\/wp-json\/wp\/v2\/product"}],"about":[{"href":"https:\/\/monsieursaucisson.com\/de\/wp-json\/wp\/v2\/types\/product"}],"wp:featuredmedia":[{"embeddable":true,"href":"https:\/\/monsieursaucisson.com\/de\/wp-json\/wp\/v2\/media\/1105"}],"wp:attachment":[{"href":"https:\/\/monsieursaucisson.com\/de\/wp-json\/wp\/v2\/media?parent=725"}],"wp:term":[{"taxonomy":"product_brand","embeddable":true,"href":"https:\/\/monsieursaucisson.com\/de\/wp-json\/wp\/v2\/product_brand?post=725"},{"taxonomy":"product_cat","embeddable":true,"href":"https:\/\/monsieursaucisson.com\/de\/wp-json\/wp\/v2\/product_cat?post=725"},{"taxonomy":"product_tag","embeddable":true,"href":"https:\/\/monsieursaucisson.com\/de\/wp-json\/wp\/v2\/product_tag?post=725"}],"curies":[{"name":"wp","href":"https:\/\/api.w.org\/{rel}","templated":true}]}}

Französische Camembert Salami

<div class="woocommerce-tabs wc-tabs-wrapper">
<div id="tab-description" class="woocommerce-Tabs-panel woocommerce-Tabs-panel--description panel entry-content wc-tab" role="tabpanel" aria-labelledby="tab-title-description">
<div class="woocommerce-tabs wc-tabs-wrapper">
<div id="tab-description" class="woocommerce-Tabs-panel woocommerce-Tabs-panel--description panel entry-content wc-tab" role="tabpanel" aria-labelledby="tab-title-description">
<article class="module-info has-anchor">
<h2>Saucisson Camembert &#8211; Französische Camembert Salami</h2>
<p>Diese Saucisson ist eine französische Salami mit Camembert &#8211; ein französischer Käse aus Kuhmilch, aus der Normandie. Diese luftgetrocknete Camembert Salami hat eine cremige Textur. Der Geschmack des Camemberts setzt sich etwas später durch und hält noch eine ganze Weile an, nachdem die Wurst bereits aufgegessen wurde &#8211; einfach nur lecker. Die Camembert Salami passt hervorragend zu Weiß- und Rotwein, aber auch zu rotem Portwein.</p>
<p>Diese Wurst ist an dem weiß-grauen Faden zu erkennen.</p>
</article>
</div>
</div>
</div>
</div>

<p>Diese Saucisson ist eine französische Salami mit Camembert &#8211; ein französischer Käse aus Kuhmilch, aus der Normandie. Diese luftgetrocknete Camembert Salami hat eine cremige Textur. Der Geschmack des Camemberts setzt sich etwas später durch und hält noch eine ganze Weile an, nachdem die Wurst bereits aufgegessen wurde &#8211; einfach nur lecker. Diese Salami passt hervorragend zu Weiß- und Rotwein, aber auch zu rotem Portwein.</p>
<p>Diese Wurst ist an dem weiß-grauen Faden zu erkennen.</p>
